divisor of 2050 and 280.
10
What is the greatest common divisor of 19837 and 83?
83
Calculate the highest common divisor of 18 and 774.
18
What is the greatest common factor of 1 and 251?
1
What is the highest common divisor of 168 and 483?
21
What is the highest common divisor of 201 and 315?
3
What is the highest common divisor of 20 and 2770?
10
Calculate the highest common factor of 43 and 5805.
43
Calculate the greatest common factor of 164 and 205.
41
What is the highest common factor of 2629 and 11?
11
Calculate the greatest common factor of 8 and 4306.
2
What is the highest common factor of 40 and 184?
8
Calculate the highest common factor of 810 and 10.
10
What is the greatest common factor of 228 and 3363?
57
Calculate the greatest common divisor of 10978 and 22.
22
What is the greatest common factor of 202 and 1515?
101
What is the greatest common divisor of 12045 and 33?
33
What is the greatest common factor of 1341 and 1043?
149
What is the highest common divisor of 711 and 395?
79
Calculate the highest common divisor of 252 and 35.
7
Calculate the highest common factor of 473 and 1849.
43
What is the highest common factor of 152 and 32?
8
Calculate the greatest common divisor of 286 and 1001.
143
What is the highest common factor of 57 and 7467?
57
What is the highest common divisor of 15 and 795?
15
Calculate the highest common factor of 40 and 4770.
10
Calculate the greatest common factor of 702 and 78.
78
What is the highest common divisor of 567 and 36?
9
What is the greatest common divisor of 34 and 119?
17
What is the greatest common divisor of 22 and 110?
22
What is the greatest common factor of 348 and 14094?
174
What is the greatest common factor of 28 and 21?
7
Calculate the highest common divisor of 125 and 6425.
25
What is the highest common divisor of 29290 and 20?
10
What is the highest common factor of 69 and 2599?
23
What is the greatest common factor of 5838 and 84?
42
What is the greatest common divisor of 21146 and 218?
218
Calculate the greatest common divisor of 6 and 2679.
3
What is the highest common factor of 42 and 735?
21
What is the highest common divisor of 638 and 154?
22
What is the highest common divisor of 328 and 41?
41
What is the highest common divisor of 468 and 18486?
234
What is the greatest common divisor of 56 and 91?
7
What is the greatest common factor of 357 and 5831?
119
What is the highest common factor of 11 and 77?
11
Calculate the greatest common factor of 22 and 363.
11
What is the highest common divisor of 3752 and 112?
56
What is the greatest common divisor of 176 and 4312?
88
Calculate the greatest common divisor of 8 and 292.
4
Calculate the greatest common divisor of 289 and 1598.
17
What is the highest common divisor of 133 and 7?
7
What is the greatest common factor of 60 and 13980?
60
What is the highest common factor of 84 and 350?
14
What is the greatest common divisor of 4504 and 8?
8
What is the highest common factor of 374 and 4884?
22
What is the highest common divisor of 3920 and 147?
49
Calculate the highest common factor of 214 and 4.
2
What is the highest common factor of 440 and 55?
55
What is the greatest common factor of 406 and 938?
14
What is the highest common divisor of 136 and 12988?
68
Calculate the highest common factor of 11 and 2728.
11
Calculate the highest common divisor of 1192 and 8.
8
Calculate the highest common factor of 923 and 13.
13
What is the highest common divisor of 37 and 296?
37
Calculate the highest common factor of 168 and 77.
7
Calculate the highest common factor of 62 and 279.
31
Calculate the highest common divisor of 38736 and 144.
144
Calculate the greatest common factor of 162 and 216.
54
Calculate the greatest common divisor of 29 and 551.
29
What is the highest common factor of 351 and 312?
39
Calculate the greatest common divisor of 1055 and 5.
5
Calculate the highest common divisor of 910 and 208.
26
What is the highest common factor of 13079 and 123?
41
What is the highest common factor of 869 and 395?
79
What is the highest common divisor of 11518 and 52?
26
What is the greatest common factor of 816 and 128?
16
Calculate the highest common divisor of 28 and 64.
4
Calculate the greatest common divisor of 6 and 82.
2
Calculate the highest common divisor of 64 and 128.
64
Calculate the greatest common divisor of 6 and 78.
6
What is the greatest common divisor of 45 and 369?
9
What is the greatest common factor of 10 and 125?
5
Calculate the greatest common factor of 20 and 1050.
10
What is the highest common factor of 31 and 310?
31
Calculate the highest common divisor of 67999 and 53.
53
What is the highest common divisor of 8 and 31256?
8
Calculate the greatest common divisor of 95 and 460.
5
Calculate the highest common factor of 34 and 272.
34
Calculate the greatest common factor of 162 and 5886.
54
What is the highest common factor of 78 and 1339?
13
What is the greatest common factor of 989 and 46?
23
What is the highest common factor of 858 and 702?
78
Calculate the greatest common factor of 50 and 30.
10
What is the highest common factor of 52966 and 71?
71
Calculate the highest common factor of 1177 and 99.
11
What is the greatest common divisor of 83 and 67479?
83
What is the highest common divisor of 9468 and 36?
36
Calculate the greatest common factor of 329 and 235.
47
What is the highest common factor of 238 and 854?
14
What is the highest common divisor of 82 and 32?
2
Calculate the greatest common factor of 201 and 3.
3
Calculate the greatest common divisor of 6161 and 101.
101
Calculate the highest common factor of 17 and 17.
17
What is the greatest common factor of 209 and 57?
19
What is the highest common divisor of 14 and 1169?
7
Calculate the highest common divisor of 2672 and 4.
4
Calculate the highest common divisor of 26 and 19968.
26
What is the greatest common factor of 333 and 9?
9
Calculate the highest common factor of 1517 and 164.
41
Calculate the greatest common divisor of 4 and 68.
4
What is the greatest common factor of 3 and 16968?
3
Calculate the highest common divisor of 84 and 384.
12
Calculate the highest common divisor of 7 and 189.
7
What is the highest common factor of 36 and 396?
36
What is the highest common divisor of 4626 and 18?
18
What is the highest common divisor of 1144 and 208?
104
What is the highest common divisor of 416 and 962?
26
Calculate the highest common factor of 185 and 10.
5
Calculate the greatest common factor of 476 and 2516.
68
Calculate the greatest common factor of 1316 and 28.
28
Calculate the highest common divisor of 252 and 231.
21
What is the highest common divisor of 7 and 70?
7
Calculate the highest common factor of 15 and 19185.
15
Calculate the greatest common divisor of 208 and 32.
16
What is the greatest common factor of 58 and 25694?
58
Calculate the greatest common factor of 360 and 648.
72
Calculate the greatest common factor of 3534 and 651.
93
What is the highest common factor of 636 and 24?
12
Calculate the highest common divisor of 7 and 5.
1
Calculate the greatest common divisor of 289 and 187.
17
What is the highest common factor of 640 and 360?
40
Calculate the greatest common divisor of 399 and 63.
21
What is the highest common factor of 486 and 3726?
162
What is the highest common factor of 2230 and 5?
5
What is the greatest common factor of 21 and 672?
21
Calculate the highest common divisor of 329 and 14.
7
Calculate the greatest common factor of 24 and 102.
6
Calculate the greatest common divisor of 232 and 48.
8
What is the highest common divisor of 176 and 66?
22
Calculate the highest common divisor of 2494 and 86.
86
What is the highest common divisor of 119 and 170?
17
Calculate the greatest common factor of 222 and 54.
6
Calculate the highest common divisor of 524 and 655.
131
Calculate the highest common factor of 44 and 4906.
22
What is the highest common divisor of 1334 and 46?
46
What is the greatest common factor of 4128 and 192?
96
What is the greatest common factor of 217 and 62?
31
Calculate the greatest common divisor of 308 and 28.
28
What is the greatest common divisor of 14 and 1771?
7
Calculate the highest common divisor of 1625 and 1375.
125
What is the highest common factor of 100 and 2675?
25
What is the gre